inder when h is divided by 77?
58
Calculate the remainder when 312 is divided by (-1 - -76)*138/230.
42
Suppose -4*j = -l - 3, 5*j + 0*l = 2*l. Suppose -j*q + 8 = -6. Suppose 0 = -q*y + 12*y - 115. Calculate the remainder when y is divided by 8.
7
Let r = -465 + 512. Calculate the remainder when r is divided by (2 + (-34)/4)*-2.
8
Let k = 140 - 89. Let c = k - 35. Suppose -8*s + c = -4*s. Calculate the remainder when 13 is divided by s.
1
Suppose 0 = 88*k - 93*k + 115. What is the remainder when 159 is divided by k?
21
Let u(q) = -q**3 + q + 4. Let n be u(0). Suppose -l = 4*l - b - 40, 3*l - n*b = 24. Let x = -24 + 38. What is the remainder when x is divided by l?
6
Let t(z) = 2*z + 2. Suppose -o - 4*p = -6*p, 5*p = -4*o + 26. Suppose 3*u + 5*a = 7*u - 199, -u + 4*a + 58 = 0. What is the remainder when u is divided by t(o)?
6
What is the remainder when 83 is divided by 0 + 43 - 3 - 5 - 4?
21
Let x = 20 + -21. Let y = 9 - x. Calculate the remainder when 185/11 + (-12)/(-66) is divided by y.
7
Suppose 5*m - 105 - 10 = -2*c, -3*c + 10 = m. What is the remainder when 74 is divided by m?
24
Suppose 2*l - 6 + 2 = 0. Suppose 0 = q - 7*z + l*z + 5, -21 = -3*q + 3*z. Let v = 13 - q. What is the remainder when 4 is divided by v?
1
Let y(s) = s**2 + 20*s + 128. What is the remainder when y(-15) is divided by 2?
1
Suppose -5*f - 5*q = -920, 5*q - 234 = -4*f + 504. Suppose 4*o - 4*y - f = -6*y, 38 = o - 2*y. What is the remainder when o is divided by 9?
8
Let a(g) = -24*g**3 - g**2 - 3*g + 8. Calculate the remainder when a(-2) is divided by 13.
7
Let t(y) be the second derivative of -5*y**3/3 + y**2/2 + 3*y. Let u be t(-8). Suppose 2*q - u = q. Calculate the remainder when q is divided by 14.
11
Calculate the remainder when 54 - (-5 + 0 + 4) is divided by 8.
7
Let w(u) = u**3 - 9*u**2 + 5*u + 5. Suppose -4*k + 9 = -3*k. What is the remainder when w(k) is divided by 17?
16
Suppose -2*t = 2*t + 4. Let p(b) = 3 - 7*b - 7 + 3 + 0. What is the remainder when 16 is divided by p(t)?
4
Let a(h) = h**3 + 12*h**2 + 24*h - 13. What is the remainder when a(-6) is divided by 6?
5
What is the remainder when 150*(-9)/90*-5 is divided by 39?
36
Let z(v) = -55*v + 20. Calculate the remainder when z(-2) is divided by 44.
42
Let w(x) = 8*x + 6*x + 22*x**2 + 30*x**2 - 48*x**2. What is the remainder when 29 is divided by w(-4)?
5
Let l(f) = -6*f + 2. Let h be l(2). Let x be ((-18)/(-15))/((-4)/h). Suppose -d - x*d = -64. What is the remainder when 29 is divided by d?
13
Suppose 3*b = 5 + 4. What is the remainder when 11 is divided by (72/16)/(b/4)?
5
Let r = 1013 - 807. Calculate the remainder when r is divided by 13.
11
What is the remainder when -6 - -316*(-4)/(-8) is divided by 9?
8
Suppose -6*k + k = -o - 8, -3*o - 2*k = 7. Let r be (5 + -2)*(-4)/o. Let d(q) = 2*q**2 + 4*q - 3. What is the remainder when d(r) is divided by 12?
9
Let p = -136 + 164. Calculate the remainder when 97 is divided by p.
13
What is the remainder when 190946/805 + -1 + 4/5 is divided by 20?
17
Let n(x) = -5*x - 27. Suppose -3*p + 70 = -5*m, -4*m + 0*p - 56 = 5*p. Calculate the remainder when n(m) is divided by 22.
21
Suppose 2*n - 2*n = -n. Suppose n = 4*y - 6*y + 10, z - 9 = 2*y. What is the remainder when 94 is divided by z?
18
Let t be 45 + -3 + 4/4. Let o = 66 - t. Calculate the remainder when 89 is divided by o.
20
Let f = -12 + 11. Let u be f - (-1 - 1*232). Suppose -5*j + u = t, 4*j = 3*j + 5*t + 36. What is the remainder when j is divided by 16?
14
Let u = 266 + -165. Let r = u - 99. What is the remainder when 8 is divided by r?
0
Suppose 0 = -x - 2*n + 141, 0 = -5*x - 2*n + 444 + 245. What is the remainder when x is divided by (28 - (-792)/(-27))*69/(-4)?
22
Suppose 122*u = 127*u - 80. What is the remainder when -3 + (-59)/(-1) + 4 is divided by u?
12
Let u(y) = -2*y - 36. Calculate the remainder when u(-25) is divided by 13.
1
Let g = 22 + -3. Let j = 502 - 137. Suppose -j = -6*l + l. Calculate the remainder when l is divided by g.
16
Suppose 0 = q + 42 + 21. Let g = 27 + q. Calculate the remainder when 29 is divided by g/16*(2 + -6).
2
Suppose -4*s + 2*b + 18 = 0, -7*s - 5 = -2*s + 3*b. Let x(k) = -k**2 - 24*k - 3 + 16*k + 0*k**2. Calculate the remainder when x(-7) is divided by s.
0
Suppose -4*b + 5*g = -0*b - 185, 2*b + 4*g = 86. Calculate the remainder when 27/b*25*3 is divided by 24.
21
Let g = -140 + 179. Calculate the remainder when 229 is divided by g.
34
Suppose 64*v - 126 = 58*v. What is the remainder when v is divided by 1?
0
Let f = 170 - -3. Let p(w) = 8*w - 20. What is the remainder when f is divided by p(8)?
41
Suppose -5*p = n + 57, 3*p + n + n = -30. What is the remainder when 61 is divided by ((-18)/15)/(p/160)?
13
Let x(g) = 9*g - 111. Calculate the remainder when x(21) is divided by 20.
18
Calculate the remainder when 154 is divided by -2*(-2 + (21/(-6) - 1)).
11
Let m = 59 - 30. Let a(r) = r**3 + 5*r**2 - 2*r + 4. Let o be a(-4). Let h = o - 17. Calculate the remainder when m is divided by h.
7
Suppose p + 73 = o, 4*o + p - 283 = 2*p. What is the remainder when 137 is divided by o?
67
Suppose -3*n - 2*r - 28 = 0, 4*r + 11 = -2*n - 13. Calculate the remainder when n/40 + (-126)/(-5) is divided by 7.
4
Let h = 127 + -80. Let t(i) = 5 + 3 + 0 - 10*i - 2*i**3 + i**3 - 9*i**2. What is the remainder when h is divided by t(-8)?
23
Let y(v) = v**3 - 10*v**2 + 43*v - 328. What is the remainder when 1120 is divided by y(10)?
100
Let d(a) = 31*a**3 + 7*a**2 + 5*a - 5. Let p(u) = 46*u**3 + 10*u**2 + 7*u - 7. Let s(n) = 7*d(n) - 5*p(n). Calculate the remainder when s(-1) is divided by 8.
4
Suppose -5*v - 3*l + 432 = -82, 4*v + 3*l - 410 = 0. What is the remainder when v is divided by 27?
23
What is the remainder when 141 is divided by 50 - ((-5)/(-10))/(1/(-2))?
39
Suppose 10*h - 441 + 31 = 0. Suppose 2*v = 4*d - 6 + 26, 3*v - h = -5*d. Calculate the remainder when v is divided by 4.
0
Suppose 0 = -q - q + 34. What is the remainder when q is divided by 253/(-11) + 12 - -15?
1
What is the remainder when 80 is divided by (-2 + -2)*(10/(-5) + -1)?
8
Let m = 27 - 13. Suppose m = -g + 99. Calculate the remainder when g is divided by 29.
27
Let l(b) = -3 + 3 - 12*b**3 + 2*b + b**3 + 1. Let f be l(-1). Calculate the remainder when 39 is divided by 3 + -3 + f/1.
9
Suppose -4 = 3*o - 13. What is the remainder when -1 + 0 + (1 - -20) is divided by ((-7)/(-1) + -3)*o?
8
Let w = 40 + 18. Suppose -2*d + 5*x + 155 = 0, 4*d = 2*x + 376 - w. Let u = 117 - d. What is the remainder when u is divided by 20?
17
Suppose 0 = -14*p + 507 + 123. What is the remainder when p is divided by 6?
3
What is the remainder when 209 is divided by 60/(-75) - 358/(-10)?
34
Let o = 114 - 10. Suppose 0 = 4*j - o - 112. Suppose 2*d = -5*s + 85, -3*s + 3*d + 52 = -20. What is the remainder when j is divided by s?
16
Let a = 1952 + -1922. What is the remainder when 198 is divided by a?
18
Suppose 2*z + 2*z + 4*y = -28, 0 = -3*z + 5*y + 3. What is the remainder when 37 is divided by z/(-6) + (-49)/(-3) + 3?
17
Let g(s) = -4*s + 8. Let o be g(5). Let b(a) = a**3 + 13*a**2 + 12*a + 10. What is the remainder when 67 is divided by b(o)?
7
Calculate the remainder when 205 is divided by (33 - 34)*(-42 - 1)*1.
33
Let b(c) = 6*c**2 + 16*c - 6*c - 7*c. Let o = 3 + 4. What is the remainder when b(-2) is divided by o?
4
Let p = 23 + -40. Let a = p + 23. Let j(n) = -n + 15. Calculate the remainder when a is divided by j(12).
0
Suppose -40*r + 3*r + 1221 = 0. Calculate the remainder when 51 is divided by r.
18
Let f = 9 - 8. Let u be 2/(f - 3) - -325. Suppose k + 4*m - 81 = 6, -u = -4*k - 4*m. What is the remainder when k is divided by 20?
19
Let y = -408 - -410. Calculate the remainder when 12 is divided by y.
0
Suppose -1 = 3*d - 2*d. What is the remainder when d - -6*56/12 is divided by 7?
6
Let x(c) = -3*c + 16. Calculate the remainder when x(-14) is divided by 20.
18
Let n(o) = -o**3 - 18*o**2 + 13*o - 98. What is the remainder when 205 is divided by n(-19)?
13
Let k = -44 + 49. Suppose k*j - 10 = -5*h, h - 14 = -2*h - j. Calculate the remainder when h is divided by 4.
2
Let u(i) = i. Suppose 0 = -8*y + 5*y - b + 19, -3*y = -2*b - 34. Calculate the remainder when y is divided by u(6).
2
Let g(l) = -l**2 - 24*l - 84. What is 